e x(i)?
False
Let v = 68 + -65. Is (9/12)/(v + 286/(-96)) a multiple of 6?
True
Suppose -b - 2*b + 3*k = 30, 4*k + 23 = -5*b. Does 13 divide -6 - b - 64/(-1)?
True
Let l(k) be the second derivative of k**5/20 + 3*k**4/2 - k**3/2 - 9*k**2 + 2*k. Let z(n) = -n**3 - 13*n**2 + 30*n - 18. Let h be z(-15). Is 9 a factor of l(h)?
True
Let i = 47 + -32. Let x = 17 - i. Suppose 0 = 2*z - 4*h - 128, -3*z - x*z + 344 = -2*h. Is 13 a factor of z?
False
Let j = -396 - -731. Is j a multiple of 18?
False
Let i(k) = k**3 - 8*k**2 + 2*k + 4. Let q be i(5). Let u = q + 124. Suppose -2*s - u = -4*j + 3*s, 3*s - 15 = 0. Does 9 divide j?
False
Let f be 475/(-10) - ((-20)/(-8) - 3). Let j = f - -80. Is j a multiple of 3?
True
Suppose 5*k - 7*u - 10 = -2*u, -k - 4*u = 23. Let v(z) = z**2 + 10*z - 2. Let d be v(-10). Is 3 a factor of k - (-13 - d) - -3?
False
Let s(y) = 4*y**2 - 45*y - 124. Is 4 a factor of s(-3)?
False
Let p(m) = -m**2 + 4*m + 2. Let f be p(5). Let i(c) = 9*c**2 + 4*c - 6. Let z(v) = -10*v**2 - 4*v + 7. Let l(w) = 7*i(w) + 6*z(w). Is l(f) a multiple of 5?
True
Let q = 80 + -80. Suppose 0*b + b - 3*h = 112, -2*b - 3*h + 260 = q. Does 31 divide b?
True
Suppose 4*m - 2*c = -5*c + 5, 2*m = -2*c. Is 3/3*(m - 2) even?
False
Let a = 49 + -102. Let b = 98 + a. Does 15 divide b?
True
Let b be ((-1)/(-2))/((-8)/2528). Is (-10)/(-25) - b/5 a multiple of 32?
True
Is 10 a factor of -10 + -9 + 11 - -2411?
False
Suppose 2*l - 8 + 8 = 0. Suppose 4*j - 278 - 250 = l. Is 6 a factor of j?
True
Suppose -97*k = -96*k + 29. Let w = 172 + k. Is 14 a factor of w?
False
Let k(o) = -o + 4. Let m(i) = -3*i + 13. Let t(q) = 11*k(q) - 4*m(q). Let f be t(12). Suppose f*r - 3*j - 11 = 22, 2*r - 4*j - 24 = 0. Does 2 divide r?
True
Suppose 5*n + 5 = 0, p + 66*n - 69*n - 408 = 0. Is p a multiple of 9?
True
Let c(x) = -42*x + 657. Is c(5) a multiple of 13?
False
Suppose -136 = -2*p - 2*g + 52, 4*p + 5*g - 374 = 0. Is p a multiple of 5?
False
Suppose 36*l - 7732 - 7784 = 0. Is 18 a factor of l?
False
Let o = 18 + -16. Suppose o*a + 10 = -4*i, 5*i - 2*i - 51 = 5*a. Is (82/6)/(a/(-27)) a multiple of 11?
False
Let q(k) = -8*k + 2. Let v be (0 + 1)/((-5)/25). Is q(v) a multiple of 13?
False
Let b be (6/5)/(6/40). Let t(r) = -r**2 + 8*r + 2. Let s be t(b). Suppose 2*l + s*l - 72 = 0. Is 9 a factor of l?
True
Let r be ((-4)/(-12))/((-2)/(-30)). Suppose d - 3*v = -16, -20 = -r*v + 5. Is (-33 + (d - 1))*-1 a multiple of 14?
False
Let q(b) be the second derivative of 5*b**4/12 - b**3/2 - 3*b**2/2 - 11*b. Let x be q(-1). Suppose r - 108 = -x*n, -3*n + 44 = 2*r - 18. Does 5 divide n?
False
Let b = 8 + 4. Let m be 18/8 + b/16. Suppose -9 = -m*v + 81. Does 10 divide v?
True
Suppose -4*o + 25 = 5. Let y = -1 + o. Suppose 3*b - 2*v = 50, -y*v = -3*b - 7*v + 75. Does 7 divide b?
False
Let h(o) be the third derivative of -o**4/24 - 5*o**3/6 + 6*o**2. Let a be h(-3). Is 14 a factor of -3 + 1 + a - -18?
True
Let h(z) = 3*z**2 + 49*z + 36. Let d be h(-19). Let c = d - 116. Is 3 a factor of c?
True
Let o be 1069/(-5) - (-2)/(-10). Suppose 556 = -2*t - 100. Let d = o - t. Does 34 divide d?
False
Is 21 a factor of (-14)/4*(-1 - 11)?
True
Let d(c) = 380*c**3 + 5*c**2 - 6*c + 5. Is 6 a factor of d(2)?
False
Let f(s) = 6*s**3 + 7*s**2 - 12*s - 10. Is 9 a factor of f(5)?
True
Let d(q) = -q**2 - 6*q + 3. Let m be d(-6). Suppose -3*u + 8 + 4 = 0, -m*z = -2*u - 70. Suppose 2*a + 3*b - z = 66, 0 = -4*a - 3*b + 172. Does 10 divide a?
True
Let p(m) = 9*m**2 + 4. Let u be p(3). Let r = -69 + u. Does 4 divide r?
True
Let u(b) be the first derivative of 10*b**3 - b**2 - b - 29. Is u(2) a multiple of 23?
True
Suppose -n - 4*n - 42 = 4*m, -5*m + 2*n - 69 = 0. Let k = 27 + m. Suppose 0*r = r - k. Does 8 divide r?
False
Let w be (12/7)/(1 + (-42)/49). Suppose -79 = -5*u + 4*v, 70 = 5*u + 7*v - 2*v. Is 40/w*36/u a multiple of 8?
True
Let q(i) be the third derivative of i**6/120 + i**5/30 - i**4/6 + 5*i**3/6 + 9*i**2. Does 19 divide q(4)?
False
Let h = 391 + -161. Is h a multiple of 23?
True
Let y(b) be the second derivative of b**5/60 + b**4/12 - 4*b**3/3 + 2*b**2 - 6*b. Let h(z) be the first derivative of y(z). Does 27 divide h(-7)?
True
Let p be (11/(198/(-24)))/(2/(-6)). Suppose 3*m - 1616 = -2*m + p*f, 2*f + 646 = 2*m. Is 54 a factor of m?
True
Let z(c) = 2*c - 14. Let n be z(10). Let d = n + 4. Let f = d - 1. Is f a multiple of 9?
True
Suppose -2*t - 739 + 125 = 0. Let b = t - -437. Is b a multiple of 15?
False
Let u(i) = i**3 + 16*i**2 + 13*i + 10. Let g = -55 - -40. Is 8 a factor of u(g)?
True
Is 5 a factor of (-8946)/(-112) - (-1)/8?
True
Suppose -4*y = -d + 10, -14 = 7*y - 4*y - 4*d. Does 13 divide y/4*((9 - 4) + -629)?
True
Suppose -5 = -3*l - 0*l - 2*m, -3*l = 4*m - 1. Suppose 2*d = g - 1 - l, 0 = -g. Does 13 divide ((-3)/d)/(3/52)?
True
Suppose -2*t + 82 = -4*t. Let u = t - -89. Is u a multiple of 24?
True
Suppose 0 = -v - 4*b + 1110, 0*v - 3372 = -3*v + 2*b. Is v a multiple of 51?
True
Suppose 2*t + 368 = 7*t + 4*w, 4*w + 392 = 5*t. Is 10 a factor of t?
False
Let s be (3/(-2))/(3/(-44)). Suppose 0 = 5*z - 116 - 109. Let y = z - s. Is 7 a factor of y?
False
Suppose 8 = -2*c + 4*c, 2*c - 10 = -o. Suppose 34 - 134 = -o*w - 2*d, 3*d - 54 = -w. Does 24 divide w?
True
Let d(a) = 30*a - 65. Is 28 a factor of d(7)?
False
Suppose 5*l + 21 = u - 21, 0 = -l + 3. Is u a multiple of 2?
False
Suppose -90 = y - 3*b, -2*y + 3*b = 2*b + 155. Is 6 a factor of (780/y)/(1*4/(-30))?
True
Let z = 309 - -3. Does 24 divide z?
True
Let y(t) = t**3 - 16*t**2 - 9*t - 17. Let i be y(17). Let o = -105 + i. Does 13 divide o?
False
Suppose 0 = 3*w - 5*b - 249, -5*b + b = 2*w - 188. Suppose 5*x + w = k + 5, 12 = -4*x. Suppose 0 = -0*r - 2*r + k. Is r a multiple of 34?
True
Let l be 947*(-1)/(-7) + (-26)/91. Let i = 3 - -6. Suppose i*j = 6*j + l. Is 15 a factor of j?
True
Is ((-138)/(-5))/(16/(-10) + 2) even?
False
Suppose 0 = -3*f + 8*t + 1508 + 65, -4*t = 5*f - 2535. Is 7 a factor of f?
True
Suppose 4*v - 202 = 22. Is v a multiple of 28?
True
Suppose -3*j - 40 - 281 = 3*k, 0 = 3*j - k + 321. Let p = j - -59. Does 12 divide (p/(-40))/(1/20)?
True
Suppose -121*u = -94*u - 17928. Does 13 divide u?
False
Is 3 a factor of ((-62505)/36)/(-15) - (-3)/(-4)?
False
Suppose -2*v = 5*l - 2259, 4*l - 1720 = 3*v + 78. Is 8 a factor of l?
False
Suppose -2*c + 125 = -t, 3*c + 131 = 5*c + t. Is (c/(-5))/((-1)/5) a multiple of 16?
True
Suppose 4834 = -12*y + 21142. Does 24 divide y?
False
Let j be 4/(-22) - (-576)/22. Let r = 49 + j. Is 15 a factor of r?
True
Let x(w) = -33*w - 9. Is x(-9) a multiple of 11?
False
Suppose -2*z - 3*f + 411 = 0, -z + 5*f = -3*z + 405. Does 14 divide z?
True
Suppose 20*w - 18143 = -6143. Is w a multiple of 12?
True
Suppose 36*n - 40*n + 3246 = -2*i, -n = 5*i - 828. Does 6 divide n?
False
Let m = 1767 - 936. Is 28 a factor of m?
False
Let y(k) = k**3 + 16*k**2 + 21*k + 26. Is y(-14) a multiple of 54?
False
Let n(t) = t**3 + 24*t**2 - 58*t + 27. Is 14 a factor of n(-26)?
False
Let n(f) = -f**3 + 4*f**2 + f + 2. Let z be 14/49 - 52/(-14). Let b = 0 + z. Is n(b) even?
True
Let o be (3/6)/((-1)/20). Let h be 27/5 + 4/o. Suppose -2*r - h*v = -83, r - 3*v - 28 = 30. Is 14 a factor of r?
False
Let l = -833 + 926. Does 21 divide l?
False
Let w(i) = 9*i**2 + 3*i + 1. Let r be w(-3). Let j = -1 + r. Is j a multiple of 20?
False
Suppose -556 - 239 = -5*h - 5*z, -3*z - 333 = -2*h. Does 54 divide h?
True
Let y = 5 - -1. Suppose 2*g + 3*g - 340 = -5*f, y = -3*g. Does 12 divide f?
False
Let c = -454 - -595. Is 4 a factor of c?
False
Let f = 6985 - 4404. Is f a multiple of 100?
False
Let c = 3276 - 2444. Is 8 a factor of c?
True
Is (11/(385/2050))/(2/28) a multiple of 3?
False
Let b(s) = s**3 + 11*s**2 - 16*s - 32. Suppose -m + p - 7 = 0, -6*p + 19 = -m - 9*p. Does 12 divide b(m)?
True
Suppose 2*l = 2*h - 3*h + 13, l = h - 1. Suppose -4*x = 5*t - 172, -99 - 37 = -l*x + 4*t. Does 19 divide x?
True
Suppose 143*y + 4165 = 150*y. Is y a multiple of 15?
False
Suppose -2*i - 6 = -2*z, -2*z - z = 0. Does 8 divide 223/8 + i/(-24)?
False
Is 5 a factor of (-722)/(-22) - (-320)/1760?
False
Let h(v) = -v**3 + v**2 + 2*v - 5. Suppose 6 - 18 = 4*i. Is h(i) a multiple of 5?
True
Let k = 40 + -36. Suppose 0 = -5*d + k*m + 75, m - 10 = -m. Is d a multiple of 